5*t, -5*t + 2*t = -a - b. What is the units digit of a/(1/(-10)*2)?
0
What is the ten thousands digit of 66*(143/429 + (-491)/(-3) + -1)?
1
Let r be 5 + (-2)/(0 - 1) + 0. Suppose -r*m + 3575 = 6*m. What is the units digit of m?
5
Suppose -3*w - 5*n = -54442, -2*n + 4*n = 4*w - 72572. What is the thousands digit of w?
8
Let l be 1/((-12)/(-112))*27/6. What is the tens digit of 66/l + -1 - (-1648)/7?
3
Let w(f) = f**3 - 5*f**2 - 4*f - 11. Let t be w(7). Suppose -2*m - t = -575. What is the hundreds digit of m?
2
Let t(s) = 2*s**2 + 9*s + 12. Let z be t(-4). Suppose 0 = -z*h + 3*h + 405. Suppose v - 4*j = h, 5*j - j = -v + 73. What is the tens digit of v?
7
Let n be (1132/(-8))/(2/(-8)). Suppose 2*z = 5*i + 245, 5*z = 2*i + 99 + n. What is the hundreds digit of z?
1
Let d(c) = 12*c**3 + c**2 - 3*c. Let f be d(3). What is the units digit of (f - 0)/((-21)/(-14))?
6
Let x(j) = 28*j**2 - 12*j - 3. Let c be (2 - 3) + (-7)/(35/15). What is the hundreds digit of x(c)?
4
Let n(w) = -207*w - 513. What is the hundreds digit of n(-15)?
5
Let w = 4 - 4. Suppose w*g = -3*g + 603. Suppose -g*d - 900 = -205*d. What is the tens digit of d?
2
Suppose -25*z - 15*z + 311961 = -27*z. What is the ten thousands digit of z?
2
Let b = -43 + 52. Suppose 106 = -b*n - 155. Let j = 62 + n. What is the units digit of j?
3
Let w = -21313 - -52287. What is the hundreds digit of w?
9
Suppose -g + 5*o = -8461, 8456 = g - 30*o + 26*o. What is the tens digit of g?
3
Let f be (-4 - -11) + -5 + (-2 - -676). Let h = f - 340. What is the tens digit of h?
3
Let l(c) = c**2 + 32*c - 41. Let h be (-20)/4 + (-3 - -3) + 17. What is the tens digit of l(h)?
8
Suppose -5*d - 31 = -4*p - 0*d, 9 = -3*d. What is the hundreds digit of p/(-14) - 65936/(-182)?
3
Let c be 21/(-6) - 2 - 2/4. What is the tens digit of 210*(190/25 + c)?
3
Let g(p) = -18 + 37*p - 72*p - 49*p. What is the hundreds digit of g(-5)?
4
Suppose -4*b + 2 = -114. Suppose b*z + 3279 - 13052 = 0. What is the units digit of z?
7
Let r = 19 - 10. Let s be 0/1*r/18. Suppose -5*i = -s*i - v - 424, 4 = 4*v. What is the tens digit of i?
8
Suppose -5*m + g = -16262 - 22111, 5*m - 38377 = -g. What is the thousands digit of m?
7
Let a(d) = -d**2 - d - 1. Let b(v) = 7*v**2 - 15*v + 8. Let p(s) = -6*a(s) - b(s). Let c be p(21). What is the tens digit of c/(-2) + (-50 + -4)/(-6)?
1
Let m(u) be the first derivative of -317*u**4/4 - 2*u**3/3 + 2*u**2 + 4*u + 24. What is the tens digit of m(-1)?
1
What is the tens digit of (6/5 - 0)/(357/2271710)?
3
Let a = -33160 - -34039. What is the hundreds digit of a?
8
What is the tens digit of (-2 - 412966/(-16)) + (-1287)/3432?
0
Suppose -114*i = -113*i - 18. Suppose 24*h - i*h - 2274 = 0. What is the units digit of h?
9
Let t(g) = -3615*g - 4439. What is the units digit of t(-6)?
1
Suppose 0 = -3*r + 2*s - 40, -47 = 3*r + 2*s - 15. What is the tens digit of r/102 + 1232/68?
1
Let m(t) = 2*t**3 + 7*t**2 + 3*t + 3. Let k be m(-2). Suppose 6*z = k*z - 966. What is the hundreds digit of z?
3
Let t be 156*((-28)/(-16) - 1) + -6. Suppose -120*a = -t*a - 8172. What is the units digit of a?
8
Suppose 3*d - 69 - 48 = 0. Let y = d + -39. Suppose y = -6*v + 8*v - 42. What is the tens digit of v?
2
Let t(m) be the first derivative of 2*m**3 + m**2/2 + 843*m + 79. What is the tens digit of t(0)?
4
Let l be ((-12)/(-14))/(-3) - (-7782)/42. Let s = l - 183. What is the units digit of s?
2
Suppose -17*m + 28035 = -28016 + 11494. What is the tens digit of m?
2
Let a(u) be the third derivative of -u**4/2 + 16*u**3/3 + 40*u**2. Let q be a(4). What is the tens digit of (-6)/(-24) + (-732)/q?
4
Suppose -3*w + 2546 = 4*z, -14*w + 862 = -13*w + 4*z. Suppose 17*x - 5075 = -w. What is the hundreds digit of x?
2
Let v(k) = 5363*k + 730. What is the hundreds digit of v(9)?
9
Suppose 3*z + k - 22 = 0, -8 = -4*z + 2*z + k. Let d(b) = 25*b**2 + 23*b - 105. What is the hundreds digit of d(z)?
9
Let v(z) = 31*z + 156. Let u be v(19). Suppose 0 = 2*d - u - 325. What is the hundreds digit of d?
5
Suppose -6*w = 3*r - 10*w - 216, -r - 2*w + 72 = 0. What is the hundreds digit of 638 - (-1 + r/8)?
6
Let v(z) = z**3 - 2*z**2 - 2*z - 3. Let l be v(3). Suppose -2 = -2*k + 4. Suppose -2*h + k*h - 82 = l. What is the tens digit of h?
8
Let u(o) = 217*o**2 - 84*o + 474. What is the tens digit of u(6)?
8
Let j(s) be the second derivative of s**4/12 + 14*s**3/3 - 139*s**2/2 - 50*s. What is the units digit of j(-45)?
6
Let h = -325 + 181. Let r = -39 - h. What is the units digit of r?
5
Suppose 28 = -2*y + 30, -5*r + 3*y + 7297 = 0. What is the hundreds digit of r?
4
Suppose 441 = a - 84. Suppose 10*c - 9*c + 12 = -5*t, 0 = -5*c + 5*t + 60. Suppose a + 243 = c*q. What is the tens digit of q?
9
Let f(c) = c**2 - 2*c - 12. Let m be f(3). Let d be ((-57)/m)/(2/(-60)*2). Let i = d + 163. What is the tens digit of i?
6
Let o be 366/21 - 4/(-7). Suppose 16*s - o*s = -20. What is the units digit of 16/40 - (-1026)/s?
3
Let b(d) = 53*d - 3. Let k be b(5). Suppose 2*z - 64 = k. Let a = -112 + z. What is the units digit of a?
1
Let y be (8925/14)/15*112/10. What is the hundreds digit of 297092/y + 2/(-14)?
6
Let q = 1702 + -1708. Let i(k) = -k**3 - k**2 + k + 3. Let c be i(0). What is the units digit of 32/c*(-63)/q?
2
Let l(w) = 5*w**2 - 2*w + 1. Suppose -5*a - 9 = -8*a. Suppose 9 = a*b - 0. What is the tens digit of l(b)?
4
Suppose -10*o + 14*o - 9237 = 3*y, o + 3*y = 2313. What is the units digit of o?
0
Let d(s) = 1265*s**3 + 27*s**2 - 74*s - 13. What is the tens digit of d(3)?
6
Let d = -166 - -1179. What is the tens digit of -3 + 0 + 0 + d?
1
Let c = 277 + -275. Suppose 5*k - 1649 = -3*m, 6*m - 10*m + 2180 = c*k. What is the tens digit of m?
4
Let v be 4/10 - (-644)/115. Suppose -v*j - 10*j + 256 = 0. Let o = j + 119. What is the tens digit of o?
3
Let i = -42 + 36. Let v be ((-3)/(45/i))/(1/10). Suppose -3*z - 5*q = -265, 5*z - z = -v*q + 356. What is the tens digit of z?
9
Let x be ((-45)/(-15))/(3 + -2). What is the tens digit of 3 + -8 - (-5 - 1081)/x?
5
What is the ten thousands digit of 644*909*16/576?
1
Let g = 5040 - 634. What is the units digit of g?
6
Suppose 2*h - 97096 = 2*n - 5*n, 0 = -5*h - 4*n + 242740. What is the hundreds digit of h?
5
Let a = -293 + 240. Let i = a + 149. What is the tens digit of i?
9
Let t(h) be the first derivative of -11*h**2/2 - 79*h + 33. What is the units digit of t(-24)?
5
Suppose a = w + 3, 4*a + a = -4*w + 15. What is the hundreds digit of (1 - w)*4*(-17853)/(-44)?
6
Let o(h) = 50*h**3 + 2*h**2 + 5*h - 8. Let k be (-16)/(-20)*((-45)/(-6))/3. What is the tens digit of o(k)?
1
Let x(z) = z + 48 - 16 - 12. Suppose 0 = -4*b - 44 + 16. What is the tens digit of x(b)?
1
Let n(c) = -8*c**2 - 15*c - 7*c**3 + 5 + 11 - 11*c + 47*c + c. What is the units digit of n(-5)?
1
Let c(p) = p**2 - 4*p + 8. Let g be c(2). Suppose 0 = -g*a - 12, i - 3*a = -i + 7. What is the units digit of 92 - ((1 - i) + -3)?
3
Let u(x) be the third derivative of -1/24*x**4 + 0 + 73/60*x**5 + 6*x**2 + 1/3*x**3 + 0*x. What is the units digit of u(1)?
4
Let b be ((-8)/16)/((-2)/12). Suppose b*u = 7*u - 772. Suppose 5*y = u + 482. What is the hundreds digit of y?
1
Let m(r) = -6*r**3 - 47*r**2 - 8*r + 27. Let g(o) = 3*o**3 + 24*o**2 + 4*o - 14. Let y(l) = 11*g(l) + 6*m(l). What is the hundreds digit of y(-7)?
1
Let y(d) = -d**3 - 2*d**2 - 20*d - 33. Let o(j) = j**3 + 2*j**2 + 18*j + 32. Let c(r) = -4*o(r) - 3*y(r). What is the units digit of c(-7)?
0
Suppose -3*u = 3*i - 7*u - 212, 164 = 2*i + 3*u. Let g = i - 35. What is the units digit of g?
1
Let t(v) = 8*v**2 + 20*v - 7. Let n(i) = 3*i**2 + 7*i - 2. Let z(g) = 11*n(g) - 4*t(g). Let a be z(3). What is the units digit of ((a - -2) + 4)*(-37)/(-4)?
1
Let c(i) = i**2 - 64*i + 465. Let t be c(57). Let m(q) = -75*q**3 - q**2 + q + 1. Let j be m(-1). Let g = j - t. What is the units digit of g?
8
Let z(i) = 1394*i - 526. What is the ten thousands digit of z(19)?
2
Let h(b) = 17*b**2 + b - 3. Let k be h(1). Suppose f + 0*a - k = -a, 2*f + 5*a - 15 = 0. Suppose f = 6*r - 4*r. What is the units digit of r?
0
Let q be 128*6/(-3)*(-1)/(-2). Let i be -21 + 0/(-1) + -1. Let x = i - q. What is the units digit of x?
6
What is the thousands digit of (-156525024)/(-3416) + (-2)/14?
5
Suppose 407*k - 5*f +